= -6 - g + 29*g**2 + 6 - 2*g**2. Let q = -3 - -4. What is the units digit of f(q)?
6
Let t be (-5 - -8)*(-188)/(-6). Let i = 170 - t. What is the tens digit of i?
7
Suppose -4*j - 5*l = -16, 0 = -3*j + 4*l - 19. Let m = -6 - j. What is the tens digit of (3 + m)/(2/(-25))?
2
Let q = 7927 + -2578. What is the units digit of q?
9
Suppose 0 = -4*n + 9*n - 25. Suppose -2*k - n*s = -349, 0 = -5*k - 5*s + 1058 - 178. What is the tens digit of k?
7
Let c(a) = -4*a**2 - 17*a - 7. Let y be c(-7). Let z = 129 + y. What is the units digit of z?
5
Suppose 5*n = 5*y + 1500, 5*n + 2*y = n + 1218. Let b = n + -176. What is the tens digit of b?
2
Suppose 102*v - 31108 = 88*v. What is the units digit of v?
2
Suppose -5*j = -4*n - 423, n - 3*j + 41 = -70. Let o = 73 + n. Let t = o + 57. What is the units digit of t?
8
Suppose -5*k - 56 = 2*v, 4*k - 97 + 5 = 2*v. What is the tens digit of (-3036)/v + 18/171?
8
Let r = 127 - 117. Let h(q) = q**2 - q + 9. What is the units digit of h(r)?
9
Let r be -1 + 1 + -5 + 2. Let p(d) be the third derivative of -d**6/60 - d**5/30 - d**4/24 - d**3/3 + 3*d**2. What is the tens digit of p(r)?
3
Suppose 0 + 3 = x - 2*y, 4*x - 5*y - 12 = 0. Suppose -2*q - o - x = 0, o + 4 = 3*q + 1. Suppose q*u + 3*u = 24. What is the units digit of u?
8
Suppose -3*y + 0*y = 6. Let m = 7 + y. Suppose -m*c = -2*v - 109, c + 3*v - 9 = 6. What is the tens digit of c?
2
Let c(t) = -3*t + 25. Suppose 0 = -2*f + 2*d + 2*d, -2*f - 2*d = -18. What is the units digit of c(f)?
7
Suppose -5*h = -5*w - 125, 0 = -3*w - 5*h - 0*h - 67. Let y = 32 - w. What is the tens digit of y?
5
What is the units digit of 2/(-9) - (9 - (-33560)/(-36))?
3
Let s(o) = 173*o - 163. What is the tens digit of s(10)?
6
Suppose 0 = -3*g + 2*j + 2*j - 2, 0 = -5*g - 4*j + 18. Suppose 0 = 2*s - 2*m + 8, -4*s = -g*m + 8 + 4. What is the tens digit of (-26)/s - (5 + -3)?
1
Let u be (-1 - 3)/(2/(-4)). Let c = 12 - u. What is the units digit of (-1)/((4/(-31))/c)?
1
Suppose -13*w + 403 = 2041. Let j = w - -138. What is the units digit of j?
2
Let w be (18/10)/((-21)/(-70)). Suppose -344 = w*r - 1088. What is the tens digit of r?
2
Let p(k) be the first derivative of -k**4/4 - 7*k**3/3 + k**2 + 8*k - 3. Let s be p(-7). What is the tens digit of (s + 0)*25/(-10)?
1
Suppose y - 8 + 0 = 0. Suppose -2*o = 2*o - y. Suppose 0*m - 2*m + 2*r + 74 = 0, -3*r - 69 = -o*m. What is the units digit of m?
2
Suppose 2*j + 4*p = 22, -4*j + 29 - 7 = -3*p. What is the units digit of -15*2/(-15)*(56 + j)?
6
Suppose -4110 = -3*h + 2541. What is the thousands digit of h?
2
Let l(a) = -26*a + 1. Let r(k) = -k - 4. Let j be r(-2). Let g be l(j). Let o = g - 36. What is the units digit of o?
7
Let r = -8 + 10. Suppose 2 = 3*f - r*i - 2, 5*f - 4*i = 8. Suppose -3*h + 24 - 6 = f. What is the units digit of h?
6
Suppose 2*o - 2*j = 14, 3*o + 2*j = -7 + 3. Let k be 3/6 + 241/o. Suppose -5*t + 9 = 5*w - k, 0 = t - w - 20. What is the tens digit of t?
2
Let l(z) = -2 + 2*z - 2*z**2 + 3*z**2 + 20*z**3 + 2*z**2. What is the units digit of l(2)?
4
Suppose -3*i + 26 = 5*b, -8*b - 5*i = -4*b - 26. What is the units digit of b?
4
Let i = 390 + -3014. What is the hundreds digit of 2 + (-2)/(-1) + i/(-8)?
3
What is the tens digit of 1423 + (2 - 7)*(-33)/(-55)?
2
Suppose -29*h - 4 = -31*h. Suppose h*p - 5*i - 184 = 0, 2*i - 4*i + 184 = 2*p. What is the units digit of p?
2
Let z = -1652 + 2359. What is the tens digit of z?
0
Let v(k) = 31*k + 12. Let n(w) = w**3 + 2*w**2 - 2*w - 1. Let r be n(-2). What is the tens digit of v(r)?
0
Let s(x) = x**3 + 10*x**2 + 7*x - 11. Let r be s(-9). Suppose -r = -0*d - d. What is the units digit of d?
7
Suppose 7*w = 32*w - 38475. What is the thousands digit of w?
1
Let n be ((-4)/(-12))/((-3)/(-153)). Let g(v) = v**2 - 5*v + 11. What is the units digit of g(n)?
5
Let v(w) = -51*w**3 - 1. Let m be v(-1). Let b be 40/m*5/2. Let t(u) = u**3 - u**2 + 1. What is the units digit of t(b)?
5
Let m(s) = -2*s + 8. Let v be m(6). Let u = 34 - 45. Let t = v - u. What is the units digit of t?
7
Let u = -72 + 260. What is the units digit of u?
8
Let t(y) = -44*y - 66. Let u(j) = j + 2. Let r(s) = -t(s) - 33*u(s). Let g be (-1)/(-1*2/4). What is the tens digit of r(g)?
2
Let a(i) = i**2 - 5*i - 8. Let b be a(7). Let t be ((-15)/b)/(3/(-6)). Suppose -t*d - 3*g = -27, 0 = 2*g - 7*g - 5. What is the units digit of d?
6
Suppose 0 = 8*m - 2176 - 1936. Suppose 8*x - 54 = m. What is the tens digit of x?
7
Let d(j) = -j**3 - 4*j**2 - 2. Let t be d(-6). Let u(n) = n + 1. Let h be u(2). Suppose -13 = h*s - t. What is the units digit of s?
9
Let z(k) = 3*k - 11. Let x(f) = f. Let l(c) = 2*x(c) - z(c). Let d be l(11). Suppose d = p - 72 + 19. What is the units digit of p?
3
Let f(w) = -w - 8. Let t be f(-10). Let d be (3/t)/(39/1300). Suppose 5*q = 7*q - d. What is the units digit of q?
5
Suppose 2*c + 350 = -4*f + 6, -3*f = -4*c - 721. Let d = -107 - c. What is the units digit of d?
1
Suppose 5*m - 19 = 146. Suppose 318 = 5*y + m. Suppose y = 4*z - 39. What is the units digit of z?
4
Suppose 0 = 5*z - 4*b - 92, 0 = -20*z + 21*z + 4*b - 4. Let d(w) = w**3 - 5*w**2 - 4*w + 5. Let t be d(5). Let r = z - t. What is the units digit of r?
1
Let d(p) = 34*p + 8. Let m be d(6). Suppose -6*l = -2*l - m. Suppose 5*r - 3*x = l, -2*r = 3*r + x - 69. What is the tens digit of r?
1
What is the units digit of (339/(-3))/((114/(-252))/19)?
6
Let h(p) be the third derivative of -p**7/5040 + 7*p**6/720 + p**5/30 + 8*p**2. Let c(j) be the third derivative of h(j). What is the units digit of c(-4)?
1
What is the thousands digit of (96037/411)/(2/36)?
4
Suppose q - 786 = -2*q. Let y = -72 + q. What is the units digit of y?
0
Let b be (-122)/(-14) - (-10)/35. Let g(h) = -2*h**2 - 1. Let a be g(1). What is the units digit of a/b + 244/12?
0
Suppose 3*y + 22125 = 5*g, -7*g + 8836 = -5*g - 4*y. What is the units digit of g?
8
Let w = -22 - -24. Suppose 2*o + w = 0, -o = -5*f + 57 + 29. Suppose -5*i + 35 = 2*v, -v + f + 2 = 3*i. What is the units digit of v?
0
Let u = -37 - -89. Suppose -108 - u = -8*i. What is the tens digit of i?
2
Let d = 466 + -458. Let i(f) = -f - 2*f + 2*f + 15. What is the units digit of i(d)?
7
What is the tens digit of ((398700/(-24))/25)/((-3)/2)?
4
Let n(o) = -2*o + 13. Let p be n(0). Let i = -5 + p. Let z(x) = 4*x - 6. What is the tens digit of z(i)?
2
Let p be 4*3/24*4. Let u(h) = 36*h**3 + 2*h. What is the units digit of u(p)?
2
Let z(s) = 432*s**2 - 22*s + 48. What is the tens digit of z(2)?
3
Suppose 4*r + 1609 = 5*m, 3*m + 2*r = -41 + 1024. Suppose n + 5*a - 223 = -3*n, 3*a + m = 5*n. Suppose 2*h - n = -6. What is the tens digit of h?
2
Let j be 3/(1465/290 + -5). Suppose 2*x + k - 153 = j, -15 = -3*k. What is the hundreds digit of x?
1
Let x(a) = a**3 + 22*a**2 - 5*a - 15. Let b be x(-22). Suppose -p + 6*t = 4*t - b, 97 = p - 4*t. What is the units digit of p?
3
Let q(r) = -r**3 + 29*r**2 + 45*r - 37. What is the units digit of q(29)?
8
Let r = -59 + 200. What is the hundreds digit of r?
1
Suppose -x = h - 252, x - 1008 = -4*h - 2*x. Suppose 5*u + h = 9*u. Suppose -2*n = n - u. What is the tens digit of n?
2
Suppose 3*q - 8 = w, -4*q + 13 = -7. Suppose 2*b + 5 = -w. Let u = b - -8. What is the units digit of u?
2
Let d = 5 + -5. Suppose 0*f - 4*f + 100 = d. What is the tens digit of f?
2
Suppose t = 4*w + 8, 4*w + 2 = -5*t - 6. Suppose 4*k - 20 = -t*k. Suppose 0 = 2*q - 2, 3*v + 5*q = -k + 13. What is the units digit of v?
1
Suppose 24*v + 50 = 19*v. Let a = v + 14. Suppose -4*z = 2*d + z - 48, 5*d = -a*z + 86. What is the tens digit of d?
1
Let n = 8 - 11. Let y = 0 - n. Suppose y*q = -4*g + 111, 7*q - 3*q = 4*g - 104. What is the units digit of g?
7
Suppose 12 = 3*q - 6*q. Let z be (-4 + (-2)/q)*-58. Suppose -109 = -2*k + 3*u, k - 5*k + 3*u = -z. What is the units digit of k?
7
Let a be 4/(46/(-44) - -1). Let l be ((-3)/2)/(6/a). Let d = l - -3. What is the units digit of d?
5
Suppose -22*w = 4*w - 6084. What is the tens digit of w?
3
Let p = 25 + -23. Suppose -2*k - 3 = -z, -2*z - p*k - 7 = 11. What is the units digit of 2/z - (-508)/20?
5
Let g(n) = 2*n**3 - 4*n**2 + 6*n + 1. Let y(h) = -2*h + 3. Let p be y(0). What is the tens digit of g(p)?
3
Let r(k) = 12*k**3 + 12*k**2 - 12*k + 1. What is the hundre